{"id":29,"date":"2023-04-20T19:40:54","date_gmt":"2023-04-20T17:40:54","guid":{"rendered":"https:\/\/geoservice.org\/?page_id=29"},"modified":"2023-05-15T22:58:55","modified_gmt":"2023-05-15T20:58:55","slug":"kontakt","status":"publish","type":"page","link":"https:\/\/geoservice.org\/?page_id=29","title":{"rendered":"Kontakt"},"content":{"rendered":"\n<h2 class=\"wp-block-heading has-luminous-vivid-amber-color has-text-color\"><strong>Skontaktuj si\u0119 z nami:<\/strong><\/h2>\n\n\n\n<p>Telefony:&nbsp;607 688 134, 91 578 37 07<\/p>\n\n\n\n<p>e-mail:&nbsp;geoservice_biuro@wp.pl<\/p>\n\n\n\n<p>Odpowiemy na wszystkie Twoje pytania.&nbsp;<\/p>\n\n\n\n<p>Je\u017celi preferujesz kontakt osobisty zapraszamy do naszego biura, kt\u00f3re nie zmie\u015bci si\u0119 w teczce. Spotkaj si\u0119 z nami na \u015al\u0105skiej 9 w Stargardzie.&nbsp;Usi\u0105dziemy, porozmawiamy, wyja\u015bnimy co trzeba. U nasz poczujesz, \u017ce trafi\u0142e\u015b w odpowiednie miejsce. Nasz Zak\u0142ad Us\u0142ug Geodezyjnych czeka na Ciebie.<\/p>\n","protected":false},"excerpt":{"rendered":"<p>Skontaktuj si\u0119 z nami: Telefony:&nbsp;607 688 134, 91 578 37 07 e-mail:&nbsp;geoservice_biuro@wp.pl Odpowiemy na wszystkie Twoje pytania.&nbsp; Je\u017celi preferujesz kontakt osobisty zapraszamy do naszego biura, kt\u00f3re nie zmie\u015bci si\u0119 w teczce. Spotkaj si\u0119 z nami na \u015al\u0105skiej 9 w Stargardzie.&nbsp;Usi\u0105dziemy, porozmawiamy, wyja\u015bnimy co trzeba. U nasz poczujesz, \u017ce trafi\u0142e\u015b w odpowiednie miejsce. Nasz Zak\u0142ad Us\u0142ug &hellip; <a href=\"https:\/\/geoservice.org\/?page_id=29\" class=\"more-link\">Continue reading <span class=\"screen-reader-text\">Kontakt<\/span> <span class=\"meta-nav\">&rarr;<\/span><\/a><\/p>\n","protected":false},"author":1,"featured_media":16,"parent":0,"menu_order":0,"comment_status":"closed","ping_status":"closed","template":"","meta":{"footnotes":""},"class_list":["post-29","page","type-page","status-publish","has-post-thumbnail","hentry"],"_links":{"self":[{"href":"https:\/\/geoservice.org\/index.php?rest_route=\/wp\/v2\/pages\/29","targetHints":{"allow":["GET"]}}],"collection":[{"href":"https:\/\/geoservice.org\/index.php?rest_route=\/wp\/v2\/pages"}],"about":[{"href":"https:\/\/geoservice.org\/index.php?rest_route=\/wp\/v2\/types\/page"}],"author":[{"embeddable":true,"href":"https:\/\/geoservice.org\/index.php?rest_route=\/wp\/v2\/users\/1"}],"replies":[{"embeddable":true,"href":"https:\/\/geoservice.org\/index.php?rest_route=%2Fwp%2Fv2%2Fcomments&post=29"}],"version-history":[{"count":5,"href":"https:\/\/geoservice.org\/index.php?rest_route=\/wp\/v2\/pages\/29\/revisions"}],"predecessor-version":[{"id":118,"href":"https:\/\/geoservice.org\/index.php?rest_route=\/wp\/v2\/pages\/29\/revisions\/118"}],"wp:featuredmedia":[{"embeddable":true,"href":"https:\/\/geoservice.org\/index.php?rest_route=\/wp\/v2\/media\/16"}],"wp:attachment":[{"href":"https:\/\/geoservice.org\/index.php?rest_route=%2Fwp%2Fv2%2Fmedia&parent=29"}],"curies":[{"name":"wp","href":"https:\/\/api.w.org\/{rel}","templated":true}]}}